ose -402 = -3*w - 0*w. Suppose 54 = p + 4*q, 3*p - w = u*q - q. Calculate the remainder when p is divided by 17.
12
Let x = -13655 + 14169. Calculate the remainder when x is divided by 127.
6
What is the remainder when -377*5/(-45)*-3*(-9 - -6) is divided by 43?
33
Let w = -6387 + 6408. Calculate the remainder when 1235 is divided by w.
17
Let p = -110 + 113. Let q = p - -3. Suppose q*k - k = 130. Calculate the remainder when 102 is divided by k.
24
Suppose 0 = 36*c - 8838 - 13398 + 3336. Calculate the remainder when c is divided by 86.
9
Let y(f) = 4*f**2 + 6*f. Let s(c) = c**3 - 5*c**2 - 26*c - 22. What is the remainder when y(5) is divided by s(9)?
62
Let s = -158 + 163. Suppose 3*l = s*t - 0*l - 102, 3*t = 3*l + 66. Suppose 0 = j + 3*j - 212. Calculate the remainder when j is divided by t.
17
Suppose -403 = 1046*p - 1077*p. Let c(f) = -6*f - 4. Let y be c(-3). Calculate the remainder when y/(-2 - 48/(-21)) is divided by p.
10
Calculate the remainder when 12/(-33 + 41 + (-78)/10) is divided by 7.
4
Let j(l) = 14*l**2 + 4*l. Calculate the remainder when j(6) is divided by 152.
72
Let z(r) = 5*r**2 + 3*r**2 + 2 + r**3 + 0*r**3 - 3*r**2 + 2*r**2 - 5*r. Calculate the remainder when 191 is divided by z(-4).
51
Suppose -2*z = -4*z + 196. Let s(u) = -531*u + 81098. Calculate the remainder when s(152) is divided by z.
92
Let b be 1 + -1 + 418 + 3. Let t = b - 401. Calculate the remainder when 41 is divided by t.
1
Let r be 16/(4/(-2)) + -2. Let b = 13 - r. Calculate the remainder when 76 is divided by b.
7
Suppose 4*j + 2530 = 3*g, -g + 949*j - 952*j + 839 = 0. What is the remainder when g is divided by 297?
248
Suppose 0*s - 163 = -3*z + 4*s, -5*z + 275 = -5*s. Suppose 2*g - 2 = 5*b, 2*b + 20 = 3*g + 6. What is the remainder when z is divided by g?
3
Suppose 0 = -94*y - 93*y + 16082. What is the remainder when 213 is divided by y?
41
Let p = 396 + -390. Let q(v) = 4*v**2 - 8*v + 61. Calculate the remainder when q(p) is divided by 8.
5
Let z = 3071 - 3055. What is the remainder when 56 is divided by z?
8
Suppose -2*i + 429 = i. Let f(x) = 51*x - 17*x - 1 + 0 - 4. What is the remainder when i is divided by f(1)?
27
Let c(n) = 13*n**2 - 52*n - 46. Let d(h) = -h**2 - 13*h + 16. Calculate the remainder when c(7) is divided by d(-11).
37
Suppose 2*h - 3*r + 0*r = -648, 0 = -5*h - 3*r - 1620. Let l = -313 - h. What is the remainder when 48 is divided by l?
4
Let v = -851 + 626. Let a = v + 232. Calculate the remainder when 95 is divided by a.
4
Let n be (-1 - (-33)/(-4))/(150/(-600)). Let f = 162 - n. Calculate the remainder when f is divided by 23.
10
Suppose -4*r = -4*i - 26 - 38, 0 = 2*r - i - 27. Calculate the remainder when 252 is divided by r.
10
Suppose -146*h = -77*h - 4830. What is the remainder when 147 is divided by h?
7
Suppose 0 = x + 3*i - i - 38, 12 = 3*i. Let b be 6/x + 138/10. What is the remainder when 38 is divided by 4/b - (534/14)/(-3)?
12
Let a(m) = 64*m + 27. Let q(y) = 4*y - 1. Let n be q(3). Let k = -5 + n. What is the remainder when a(0) is divided by k?
3
Suppose -4*y + 1508 = 5*h, 2*h - 1231 = -2*h + 5*y. Calculate the remainder when h is divided by 17 + -16 - (0 - 27).
24
Let x(o) = -57*o + 236. Calculate the remainder when x(0) is divided by 30.
26
Let w(y) = 18 - 9*y**2 + 2*y - 11*y + 10*y**2. Calculate the remainder when 47 is divided by w(8).
7
Suppose -880 = -5*g + 2005. What is the remainder when g is divided by 10?
7
Let p(i) = 2*i**2 + 30*i + 156. What is the remainder when 9325 is divided by p(-7)?
41
Let t(v) = -2*v**3 - 6*v**2 + v - 2. Let u be t(-3). Let w(n) = -n**3 + n**2 + 4*n + 6. Calculate the remainder when w(u) is divided by 28.
24
Let y(u) = u**2 + u + 40. Let m be y(0). Let f = -793 - -800. Let n = m - f. What is the remainder when n is divided by 12?
9
Let p(k) = k**3 + 17*k**2 + 44*k - 6. Let f be p(-14). Let t(n) = -n - 7. Calculate the remainder when 266 is divided by t(f).
23
Suppose 0 = 5*s + 3*n + 175, 0 = -3*s - 3*n - 109 + 4. Let g be ((-14)/s)/((-1)/40). Calculate the remainder when (-5 + (-6)/2)*g is divided by 33.
29
Let g(j) = -15*j**3 + j**2 + 2*j + 1. Let r be (-112)/24*(-4 + -2). Suppose 110 = 30*k - r*k. Calculate the remainder when k is divided by g(-1).
10
Let p(l) = 7*l**2 + 7*l + 10. Let i(r) = 19*r**2 + 22*r + 29. Let t(q) = 3*i(q) - 8*p(q). Calculate the remainder when t(-14) is divided by 17.
12
Let q(a) = -a**2 - 46 + 2*a**2 + 16 - 9*a. Suppose 0*d - 11*d + 234 = 7*d. Calculate the remainder when 39 is divided by q(d).
17
Suppose 4210*v - 4214*v + 828 = 0. Suppose 76 = 2*g - 2*i, -230 = -5*g - 2*i - 3*i. Calculate the remainder when v is divided by g.
39
Suppose -2*s + 380 = -5*z - 0*z, 5*s - 984 = 4*z. Suppose -s - 520 = -9*a. What is the remainder when a is divided by 17?
12
Suppose 0 = -2*r + 43 + 225. Suppose -18*j = -784 - r. What is the remainder when 200 is divided by j?
47
Let o = 44 + 118. Suppose -17*k = k - o. Calculate the remainder when 23 is divided by k.
5
Suppose 342*l + 23155 = 36316 + 26511. What is the remainder when 1970 is divided by l?
114
Suppose -12*r - 5*l = -8*l - 981, -5*r + 409 = -l. What is the remainder when r is divided by 28?
26
Let f(w) = 394*w + 4655. What is the remainder when f(-10) is divided by 241?
233
Let a(z) = 56*z + 2828. Calculate the remainder when 46 is divided by a(-50).
18
Suppose 39*g - 1640 = 1168. Let m = 526 - 388. Calculate the remainder when m is divided by g.
66
Suppose 40*z - 37*z = 393. Let a = -121 + z. Calculate the remainder when 148 is divided by a.
8
Suppose -b - 2*b - 20 = -5*h, 8 = 5*b + 2*h. Let p be (118 - b)*((-12)/4)/6. Let i = p + 82. What is the remainder when 159 is divided by i?
21
Let p = 1511 + -1505. Let l(x) be the first derivative of -x**4/2 - x**3/3 - 4*x - 6. Calculate the remainder when l(-2) is divided by p.
2
Let o be 30*((-5)/(-10) + -1). Suppose -26*t = -28*t - 60. Calculate the remainder when (122*1)/(t/o) is divided by 31.
30
Suppose 5*a - 65 = -5*u, -124*u + 37 = a - 119*u. Calculate the remainder when 6409 is divided by a.
4
Suppose 2*l - 68*p + 69*p = 62, -2*p = 3*l - 95. What is the remainder when 1137 is divided by l?
6
Let b be 15 - (-3 - (-6 + 4)). Suppose -b*k + 7*k + 162 = 0. Calculate the remainder when 286 is divided by k.
16
Suppose x = -4*z + 10616, 10*z + x = 12*z - 5302. What is the remainder when z is divided by 16?
13
Suppose -112*q + 197 = -1595. What is the remainder when 127 is divided by q?
15
Let h = 8332 - 8102. Calculate the remainder when h is divided by 8.
6
Suppose 369*a + 465403 = 400*a. What is the remainder when a is divided by 21?
19
Let x(h) = -99*h + 3703. What is the remainder when 197 is divided by x(37)?
37
Let b be 16 + 1 + (-3 + 2)*5. Let r = b - -116. What is the remainder when r is divided by 43?
42
Let q(t) = -4*t + 14. Let f be q(-6). Let p = 42 - f. Suppose 45 = -g + 3*g + l, -l = -p*g + 87. What is the remainder when g is divided by 8?
6
Let h = 1004 - 989. Let z be (56*(1 - 0))/1. Suppose -5*w - z = -3*a, 0 = -2*a + w - 7 + 56. What is the remainder when a is divided by h?
12
Let z(n) = -n + 10. Let x be (-3)/(((-81)/(-12))/9). Calculate the remainder when 290 is divided by z(x).
10
Suppose -21*m + 6726 = 45*m - 4098. Calculate the remainder when m is divided by 19.
12
Suppose 3*y + 0*y + 39 = s, 4*s = -y + 143. Let p = s - 4. Let r = p + -27. What is the remainder when r is divided by 3?
2
Suppose -5*h + 36 = 4*g, 4*h + h - 24 = -g. Suppose -542 = -5*w + 3*y - 4*y, -3*y + 438 = g*w. What is the remainder when w is divided by 55?
53
Suppose -3*s - 34 = -22. Let l(z) be the third derivative of -z**6/120 - z**5/15 - z**4/4 - z**3/3 + z**2. Calculate the remainder when 43 is divided by l(s).
21
Let r = -5214 - -5313. Calculate the remainder when 235 is divided by r.
37
Let t(h) = 50*h - 3507. Calculate the remainder when t(73) is divided by 36.
35
Suppose 2*d = -4, 911 = -5*u - 3*d + 5. Let z = 109 + u. Let o = z + 81. What is the remainder when 36 is divided by o?
6
Let i be (8/(-10))/((-3)/15). Let j = i - -3. Let x(g) = -2*g**2 + 17*g - 5. Calculate the remainder when 94 is divided by x(j).
14
Let c(y) = -y**3 - y**2 - 9 - 3*y + 8*y**2 - 3*y + 9*y + 9*y**2. Calculate the remainder when c(16) is divided by 10.
9
Let j(l) = 30 + 25 - l + 0*l - 15. S